{"id":917,"date":"2013-03-06T16:17:47","date_gmt":"2013-03-06T15:17:47","guid":{"rendered":"http:\/\/mrc92.fr\/?page_id=917"},"modified":"2015-05-30T18:11:42","modified_gmt":"2015-05-30T17:11:42","slug":"nos-coups-de-coeur","status":"publish","type":"page","link":"https:\/\/mrc92.fr\/index.php\/nos-coups-de-coeur\/","title":{"rendered":"Nos coups de coeur"},"content":{"rendered":"<h1><span style=\"color: #ff0000;\"><span style=\"color: #cc0000;\">POUR COMBATTRE LE CAPITALISME ET L&rsquo;EXTR\u00caME DROITE : SE R\u00c9APPROPRIER L\u2019ID\u00c9E DE NATION<\/span><\/span><\/h1>\n<h3><span style=\"color: #ff0000;\"><strong><em>Par le Mouvement politique d\u2019\u00e9mancipation populaire (M\u2019PEP).<\/em><\/strong><\/span><em><\/em><\/h3>\n<p>Le 24 mars 2013.<\/p>\n<p>C\u2019est un fait ! Prononcez le mot \u00ab nation \u00bb et vous serez qualifi\u00e9 de ringard, tout de suite soup\u00e7onn\u00e9 de \u00ab nationalisme \u00bb. Sortez un drapeau tricolore ou d\u00e9fendez la langue fran\u00e7aise, et imm\u00e9diatement vous appara\u00eetrez chauvin, cocardier, etc. Et bien s\u00fbr vous serez, en plus, soup\u00e7onn\u00e9 d\u2019\u00eatre sympathisant\u2026 du Front national !<\/p>\n<p>Vous voulez passer pour quelqu\u2019un de moderne, progressiste, ouvert sur le monde ? Alors parlez de \u00ab libre-\u00e9change \u00bb, de \u00ab mondialisation \u00bb, de \u00ab construction \u00bb europ\u00e9enne, de \u00ab gouvernance \u00bb&#8230; Soyez contre tout cela et on vous accusera de pr\u00f4ner le repli nationaliste et d\u2019\u00eatre\u2026 pour la guerre !<\/p>\n<p>Pour imposer le syst\u00e8me capitaliste et son mod\u00e8le de soci\u00e9t\u00e9, ses d\u00e9fenseurs m\u00e8nent une v\u00e9ritable guerre id\u00e9ologique. En disqualifiant l\u2019id\u00e9e de nation, en la rendant \u00ab<em> has been<\/em> \u00bb, voire dangereuse\u2026 les classes dirigeantes souhaitent en finir avec la nation, devenue un cadre trop g\u00eanant pour l\u2019expansion de leurs profits. Ils ont en effet compris que la nation constitue le seul et unique espace de souverainet\u00e9 des peuples. Il n\u2019existe pas de souverainet\u00e9 populaire sans souverainet\u00e9 nationale. Par cons\u00e9quent, faire dispara\u00eetre la nation c\u2019est faire dispara\u00eetre la d\u00e9mocratie\u2026 c\u2019est limiter la capacit\u00e9 d\u2019action des peuples \u00e0 d\u00e9cider de leur avenir.<\/p>\n<p>(\u2026)<\/p>\n<ul>\n<li>\n<h3><strong>Pour lire la suite, cliquez ci-dessous :<br \/>\n<\/strong><strong><a href=\"http:\/\/www.m-pep.org\/spip.php?article3245\">http:\/\/www.m-pep.org\/spip.php?article3245<\/a><\/strong><\/h3>\n<\/li>\n<\/ul>\n<h1><strong>&#8212;&#8212;&#8212;&#8212;&#8212;&#8212;&#8212;&#8212;&#8212;&#8212;&#8212;&#8212;&#8212;&#8212;&#8212;&#8212;&#8212;&#8212;&#8212;&#8212;&#8212;&#8212;&#8212;&#8212;-<\/strong><\/h1>\n<h1><span style=\"color: #cc0000;\">LA R\u00c9PUBLIQUE EST UNE ET INDIVISIBLE ! NON AUX PROJETS D\u00c9L\u00c9T\u00c8RES DE L&rsquo;UNION EUROP\u00c9ENNE ET DU GOUVERNEMENT !<\/span><\/h1>\n<p><span style=\"color: #ff0000;\"><strong><\/strong><strong><span style=\"color: #000000;\"><em>Par les Clubs penser la France (CPF), le Mouvement politique d\u2019\u00e9mancipation populaire (M\u2019PEP) et le P\u00f4le de renaissance communiste en France (PRCF).<\/em><\/span><\/strong><\/span><span style=\"color: #000000;\"><em><br \/>\nLe 3 mars 2013.<\/em><\/span><br \/>\nLa <em>R\u00e9publique une et indivisible<\/em> fond\u00e9e par la R\u00e9volution fran\u00e7aise est en danger de mort. Ce principe constitutionnel, qui garantit notamment l\u2019unit\u00e9 territoriale de la Nation et l\u2019\u00e9galit\u00e9 des citoyens devant la loi, la protection sociale et les services publics, est en effet incompatible avec l\u2019actuelle \u00ab construction \u00bb europ\u00e9enne, et tout sp\u00e9cialement avec son \u00e9tape actuelle : le \u00ab <em>saut f\u00e9d\u00e9ral europ\u00e9en<\/em> \u00bb et son volet territorial : l\u2019<em>Europe des r\u00e9gions.<\/em><\/p>\n<p>Pour lire la suite, cliquez ci-dessous :<\/p>\n<p>&nbsp;<\/p>\n<ul>\n<li><strong><strong> <a href=\"http:\/\/www.m-pep.org\/spip.php?article3208\">http:\/\/www.m-pep.org\/spip.php?article3208<\/a><\/strong><\/strong><\/li>\n<\/ul>\n<p><strong>&#8212;&#8212;&#8212;&#8212;&#8212;&#8212;&#8212;&#8212;&#8212;&#8212;&#8212;&#8212;&#8212;&#8212;&#8212;&#8212;&#8212;&#8212;&#8212;&#8212;&#8212;&#8212;&#8212;&#8212;-<\/strong><\/p>\n<h1><span style=\"color: #cc0000;\">IL FAUT CUMULER LES MANDATS POLITIQUES !<\/span><\/h1>\n<p><span style=\"color: #000000;\">Par\u00a0Patrick Weil, historien et politologue, directeur de recherche au CNRS<\/span><br \/>\n<strong><a href=\"http:\/\/www.youscribe.com\/catalogue\/tous\/actualite-et-debat-de-societe\/patrick-weil-sur-le-cumul-des-mandats-2018646\">http:\/\/www.youscribe.com\/catalogue\/tous\/actualite-et-debat-de-societe\/patrick-weil-sur-le-cumul-des-mandats-2018646<\/a><\/strong><\/p>\n<p><strong>&#8212;&#8212;&#8212;&#8212;&#8212;&#8212;&#8212;&#8212;&#8212;&#8212;&#8212;&#8212;&#8212;&#8212;&#8212;&#8212;&#8212;&#8212;&#8212;&#8212;&#8212;&#8212;&#8212;&#8212;-<\/strong><\/p>\n<h1><span style=\"color: #cc0000;\">POUR QUE REVIENNENT DES \u00ab\u00a0JOURS HEUREUX\u00a0\u00bb !<\/span><\/h1>\n<p><span style=\"color: #000000;\"><strong><em>Par les Club penser la France (CPF), le Mouvement politique d\u2019\u00e9mancipation populaire (M\u2019PEP) et le P\u00f4le de renaissance communiste en France (PRCF).<\/em><\/strong><\/span><em><\/em><\/p>\n<p>19 f\u00e9vrier 2013.<br \/>\n<strong><br \/>\nPour riposter \u00e0 l\u2019entreprise de liquidation des conqu\u00eates sociales et de la France r\u00e9publicaine, en prenant appui sur les r\u00e9sistances sociales, civiques et patriotiques, pour une R\u00e9publique sociale, souveraine et fraternelle,<\/strong><strong><\/strong><\/p>\n<p>ENSEMBLE, D\u00c9FENDONS et ACTUALISONS le PROGRAMME\u00a0 du CONSEIL NATIONAL de la R\u00c9SISTANCE !<\/p>\n<ul>\n<li><strong>Pour lire la suite, cliquez ci-dessous :<br \/>\n<a href=\"http:\/\/www.m-pep.org\/spip.php?article3199\">http:\/\/www.m-pep.org\/spip.php?article3199<\/a><\/strong><\/li>\n<\/ul>\n<p><strong>&#8212;&#8212;&#8212;&#8212;&#8212;&#8212;&#8212;&#8212;&#8212;&#8212;&#8212;&#8212;&#8212;&#8212;&#8212;&#8212;&#8212;&#8212;&#8212;&#8212;&#8212;&#8212;&#8212;&#8211;<\/strong><\/p>\n<h1><span style=\"color: #cc0000;\">SAMIR AMIN R\u00c9POND SUR LE MALI<\/span><\/h1>\n<p><em><strong><span style=\"color: #000000;\">Texte in\u00e9dit de Samir Amin diffus\u00e9 par le M\u2019PEP avec l\u2019autorisation de l\u2019auteur. \u00c9conomiste franco-\u00e9gyptien, Samir Amin est directeur du Forum du Tiers-Monde.<\/span><br \/>\n<\/strong><br \/>\nLe 4 f\u00e9vrier 2013.<\/em><\/p>\n<p>Le 23 janvier dernier, le M\u2019PEP a diffus\u00e9 un texte in\u00e9dit de Samir Amin sur le Mali.<\/p>\n<ul>\n<li><strong>Pour acc\u00e9der au texte de Samir Amin diffus\u00e9 le 23 janvier, cliquez ci-dessous :<br \/>\n<a href=\"http:\/\/www.m-pep.org\/spip.php?article3184\">http:\/\/www.m-pep.org\/spip.php?article3184<\/a><\/strong><\/li>\n<\/ul>\n<p>Ce texte a suscit\u00e9 un volumineux courrier, certains correspondants soutenant la position de Samir Amin, d\u2019autres la contestant. Samir Amin a souhait\u00e9 \u00e0 r\u00e9pondre \u00e0 ceux qui contestent son analyse.<\/p>\n<ul>\n<li><strong>Pour acc\u00e9der au \u00ab\u00a0Bref commentaire\u00a0\u00bb de Samir Amin concernant les critiques adress\u00e9es \u00e0 son texte du 23 janvier 2013, cliquez ci-dessous :<br \/>\n<a href=\"http:\/\/www.m-pep.org\/spip.php?article3191\">http:\/\/www.m-pep.org\/spip.php?article3191<\/a><\/strong><\/li>\n<\/ul>\n","protected":false},"excerpt":{"rendered":"<p>POUR COMBATTRE LE CAPITALISME ET L&rsquo;EXTR\u00caME DROITE : SE R\u00c9APPROPRIER L\u2019ID\u00c9E DE NATION Par le Mouvement politique d\u2019\u00e9mancipation populaire (M\u2019PEP). Le 24 mars 2013. C\u2019est un fait ! Prononcez le mot \u00ab nation \u00bb et vous serez qualifi\u00e9 de ringard, tout de suite soup\u00e7onn\u00e9 de \u00ab nationalisme \u00bb. Sortez un drapeau tricolore ou d\u00e9fendez la [&hellip;]<\/p>\n","protected":false},"author":1,"featured_media":0,"parent":0,"menu_order":4,"comment_status":"closed","ping_status":"closed","template":"","meta":{"footnotes":""},"class_list":["post-917","page","type-page","status-publish","hentry"],"_links":{"self":[{"href":"https:\/\/mrc92.fr\/index.php\/wp-json\/wp\/v2\/pages\/917","targetHints":{"allow":["GET"]}}],"collection":[{"href":"https:\/\/mrc92.fr\/index.php\/wp-json\/wp\/v2\/pages"}],"about":[{"href":"https:\/\/mrc92.fr\/index.php\/wp-json\/wp\/v2\/types\/page"}],"author":[{"embeddable":true,"href":"https:\/\/mrc92.fr\/index.php\/wp-json\/wp\/v2\/users\/1"}],"replies":[{"embeddable":true,"href":"https:\/\/mrc92.fr\/index.php\/wp-json\/wp\/v2\/comments?post=917"}],"version-history":[{"count":17,"href":"https:\/\/mrc92.fr\/index.php\/wp-json\/wp\/v2\/pages\/917\/revisions"}],"predecessor-version":[{"id":1184,"href":"https:\/\/mrc92.fr\/index.php\/wp-json\/wp\/v2\/pages\/917\/revisions\/1184"}],"wp:attachment":[{"href":"https:\/\/mrc92.fr\/index.php\/wp-json\/wp\/v2\/media?parent=917"}],"curies":[{"name":"wp","href":"https:\/\/api.w.org\/{rel}","templated":true}]}}