{"id":2637,"date":"2018-12-21T17:19:00","date_gmt":"2018-12-21T16:19:00","guid":{"rendered":"http:\/\/mrc92.fr\/?page_id=2637"},"modified":"2018-12-21T17:19:00","modified_gmt":"2018-12-21T16:19:00","slug":"christian-hutin-cette-revolte-est-une-expression-du-genie-francais","status":"publish","type":"page","link":"https:\/\/mrc92.fr\/index.php\/christian-hutin-cette-revolte-est-une-expression-du-genie-francais\/","title":{"rendered":"Christian Hutin : \u00abCette r\u00e9volte est une expression du g\u00e9nie fran\u00e7ais\u00bb"},"content":{"rendered":"\n<figure class=\"wp-block-image\"><img decoding=\"async\" src=\"https:\/\/img.rt.com\/french\/images\/2018.12\/article\/5c1be6a6488c7bce148b4567.JPG\" alt=\"\"\/><\/figure>\n\n\n\n<h2 class=\"wp-block-heading\"> Christian Hutin analyse le mouvement des Gilets jaunes pour RT France.  Le d\u00e9put\u00e9 chev\u00e8nementiste se r\u00e9jouit de voir les Gilets jaunes parvenir \u00e0  faire bouger certaines lignes, comme en t\u00e9moigne la d\u00e9cision de l&rsquo;Etat  de taxer les Gafa. (ENTRETIEN)                                      <\/h2>\n\n\n\n<h2 class=\"wp-block-heading\"><\/h2>\n\n\n\n<p><strong>RT France :&nbsp;A l\u2019approche de l\u2019Acte 6 des Gilets jaunes, pensez-vous que <a href=\"https:\/\/francais.rt.com\/economie\/56988-matignon-presente-addition-revision-budget-2019-finalement-deficit\">les derni\u00e8res annonces gouvernementales<\/a> vont apaiser et essouffler le mouvement ?<\/strong><\/p>\n\n\n\n<p><strong>Christian Hutin (C. H.) :<\/strong>\n Les annonces ont apais\u00e9 manifestement. Il y a eu un essoufflement du \nmouvement. C&rsquo;est aussi le fait de plusieurs choses : d&rsquo;une, un certain \nnombre de violences et d\u2019\u00e9l\u00e9ments qui ne correspondaient pas \u00e0 la \nmentalit\u00e9 d\u2019une partie des gens, qui \u00e9taient sur les ronds-points ou qui\n manifestaient, ont jou\u00e9 dans l&rsquo;essoufflement.<\/p>\n\n\n\n<p>Il y \u00e9galement un \ncertain nombre de Fran\u00e7ais qui travaillent, qui sont parfois eux-m\u00eames \ndes Gilets jaunes avec les m\u00eames difficult\u00e9s. Cela peut commencer \u00e0 \npr\u00e9senter de v\u00e9ritables difficult\u00e9s par rapport \u00e0 leur travail, pour \npouvoir s\u2019y rendre.<\/p>\n\n\n\n<p>Je pense enfin aux commer\u00e7ants ou \u00e0 ces \nmilliers de personnes qui ne vont pas avoir de boulot \u00e0 No\u00ebl du fait des\n manifestations sociales. C\u2019est un ensemble qui fait que le mouvement \ns&rsquo;essouffle.<\/p>\n\n\n\n<p class=\"has-text-color has-huge-font-size has-vivid-red-color\">La suite : Sur RT France<\/p>\n\n\n\n<p class=\"has-text-color has-background has-vivid-green-cyan-color has-very-light-gray-background-color\"><a rel=\"noreferrer noopener\" aria-label=\" (s\u2019ouvre dans un nouvel onglet)\" href=\"https:\/\/francais.rt.com\/france\/57091-christian-hutin-sur-gilets-jaunes-revolte-expression-genie-francais?fbclid=IwAR0_YpT50d39R7BX61H50ZGbISc38jF3UkfDmpoTXS1SUzvRHYwRg15nIt4\" target=\"_blank\">https:\/\/francais.rt.com\/france\/57091-christian-hutin-sur-gilets-jaunes-revolte-expression-genie-francais?fbclid=IwAR0_YpT50d39R7BX61H50ZGbISc38jF3UkfDmpoTXS1SUzvRHYwRg15nIt4<\/a><\/p>\n","protected":false},"excerpt":{"rendered":"<p>Christian Hutin analyse le mouvement des Gilets jaunes pour RT France. Le d\u00e9put\u00e9 chev\u00e8nementiste se r\u00e9jouit de voir les Gilets jaunes parvenir \u00e0 faire bouger certaines lignes, comme en t\u00e9moigne la d\u00e9cision de l&rsquo;Etat de taxer les Gafa. (ENTRETIEN) RT France :&nbsp;A l\u2019approche de l\u2019Acte 6 des Gilets jaunes, pensez-vous que les derni\u00e8res annonces gouvernementales [&hellip;]<\/p>\n","protected":false},"author":1,"featured_media":0,"parent":0,"menu_order":0,"comment_status":"closed","ping_status":"closed","template":"","meta":{"footnotes":""},"class_list":["post-2637","page","type-page","status-publish","hentry"],"_links":{"self":[{"href":"https:\/\/mrc92.fr\/index.php\/wp-json\/wp\/v2\/pages\/2637","targetHints":{"allow":["GET"]}}],"collection":[{"href":"https:\/\/mrc92.fr\/index.php\/wp-json\/wp\/v2\/pages"}],"about":[{"href":"https:\/\/mrc92.fr\/index.php\/wp-json\/wp\/v2\/types\/page"}],"author":[{"embeddable":true,"href":"https:\/\/mrc92.fr\/index.php\/wp-json\/wp\/v2\/users\/1"}],"replies":[{"embeddable":true,"href":"https:\/\/mrc92.fr\/index.php\/wp-json\/wp\/v2\/comments?post=2637"}],"version-history":[{"count":1,"href":"https:\/\/mrc92.fr\/index.php\/wp-json\/wp\/v2\/pages\/2637\/revisions"}],"predecessor-version":[{"id":2638,"href":"https:\/\/mrc92.fr\/index.php\/wp-json\/wp\/v2\/pages\/2637\/revisions\/2638"}],"wp:attachment":[{"href":"https:\/\/mrc92.fr\/index.php\/wp-json\/wp\/v2\/media?parent=2637"}],"curies":[{"name":"wp","href":"https:\/\/api.w.org\/{rel}","templated":true}]}}